uppose -2*z = 12 - 40. Suppose w - z = -1. Calculate the remainder when 23 is divided by w.
10
Suppose -m - 11 = 3*q, -36 = -4*m - q + 5*q. What is the remainder when 8 is divided by (-8)/(-16) - (-18)/m?
3
Let d be 20/70 + 52/14. Suppose -u + d + 10 = 0. Calculate the remainder when 54 is divided by u.
12
Suppose 4*a - 55 + 7 = 0. Let r = 225 - 151. Suppose 3*y = h - 40, -2*h + 6*y = 3*y - r. What is the remainder when h is divided by a?
10
Suppose 2*f + 0*m - 49 = 3*m, -53 = -2*f - m. Calculate the remainder when 51 is divided by f.
25
Let d be -1 + 3*(3 - 2). Let n = 18 + -11. Calculate the remainder when d*(-1)/2 - -20 is divided by n.
5
Let p = 31 + -8. Let a(q) = -q**2 - q - 4. Let h be a(0). Let f(i) = 3*i**2 + 2*i + 3. What is the remainder when f(h) is divided by p?
20
Calculate the remainder when 20 is divided by 6 + -1 + -1 + 43 + -44.
2
Let i(w) = -w**3 - 7*w**2 + w - 10. Let m be i(-7). Let t = m + 25. Calculate the remainder when 14 is divided by t.
6
Let r = -81 - 46. Let w = -58 - r. Calculate the remainder when w is divided by 24.
21
Suppose 2*u + 6 = 0, 3*r - 15 - 15 = -4*u. Suppose 78 = 4*o + r. What is the remainder when 46 is divided by o?
14
What is the remainder when (-2 - 24)/(-3 - -1) is divided by 6?
1
What is the remainder when 80 is divided by (3 - 63)*(-6)/15?
8
Suppose 3*z - z = -26. Calculate the remainder when 25 is divided by z/(-4)*(-20)/(-5).
12
Let k be -2 + 1/(-1) + -21. Let q = k - -72. Suppose 5*x = -2*c + q + 30, c - 57 = 2*x. Calculate the remainder when c is divided by 17.
15
Let u = 32 + -21. What is the remainder when 22 is divided by u?
0
Let d(b) = b**2 + b - 1. Suppose 9 = 20*g - 17*g. Calculate the remainder when d(2) is divided by g.
2
Let s be (-58)/(-18) - (-2)/(-9). Suppose 2*x - 50 = 5*k, s*x + 2*k - 5 = 32. What is the remainder when 44 is divided by x?
14
Let f = -9 + 25. Let w = -11 + f. Let v = 66 + w. Calculate the remainder when v is divided by 24.
23
Let c = -10 - -13. Calculate the remainder when 23 is divided by (-6)/c + (-60)/(-4).
10
Let u = -18 - -12. Let y(o) = 11*o**2 - o - 2. What is the remainder when y(2) is divided by 15/u*(-56)/10?
12
Let a = 11 + -3. Let h = 33 + -19. What is the remainder when h is divided by a?
6
Let y(a) = a + 13. What is the remainder when 8 is divided by y(-10)?
2
Suppose 40 - 79 = -3*h. What is the remainder when h is divided by 4?
1
Let d(w) = w**2 + w - 10. Suppose -3*f + 2*b + 64 = 4*b, 2*f - 21 = 3*b. What is the remainder when f is divided by d(-5)?
8
Let x(r) = -7*r**3 + 2*r. Suppose 2*s - 40 = 2*t, -3*s + 6*s - 44 = -5*t. Calculate the remainder when x(-2) is divided by s.
16
Suppose 5*v = -2*v + 203. What is the remainder when 112 is divided by v?
25
Let u(y) = -y + 0 + 5 + 5. Calculate the remainder when (-191)/(-5) + 12/(-60) is divided by u(0).
8
Let w(p) = -p**3 - 8*p**2 + 9*p + 4. Let h = 4 + -13. Calculate the remainder when 11 is divided by w(h).
3
Suppose 0 = 3*c - 4*q - 48 + 16, -4*c + 4*q + 44 = 0. What is the remainder when c is divided by 5?
2
Let b = 49 - 35. What is the remainder when 27 is divided by b?
13
Suppose n - 66 = -0*n - 3*m, m = 0. Calculate the remainder when n is divided by 23.
20
Let f(t) = -6*t. Let k(q) = -3*q - 2. What is the remainder when k(-8) is divided by f(-1)?
4
Let f = 39 + -10. Calculate the remainder when f is divided by 16.
13
Let o = 3 - -8. What is the remainder when 17 is divided by o?
6
Suppose 3*c - 4*o = 87 + 145, 25 = 5*o. What is the remainder when c is divided by 31?
22
Suppose 4*p + 32 = 6*p. Calculate the remainder when p is divided by 9.
7
Let i be -3*((-3)/3)/1. Suppose i*d - 2*d = 35. Calculate the remainder when d is divided by 19.
16
Calculate the remainder when 31 is divided by -3 + (1 + -2 - -20).
15
Suppose -19*c + 92 + 98 = 0. Let y(o) = -o - 1. Let j be y(-1). Suppose 0 = -2*g - j*g + 38. What is the remainder when g is divided by c?
9
Let u(n) = -n**2 - 6*n - 5. Let x be u(-5). Suppose -5*v + 72 - 17 = x. What is the remainder when v is divided by 6?
5
Suppose 2*n + 3*z = 37, -3*n + 2*z + 51 = -11. Let d(w) = 12*w + 3. Suppose -l = -2*l + 3. What is the remainder when d(l) is divided by n?
19
Suppose v + 3*b + 7 = 0, -3*v + 2*v + 3*b = 7. Let o = v + 23. What is the remainder when 63 is divided by o?
15
Suppose -63*l = -68*l + 105. Calculate the remainder when 165 is divided by l.
18
Let v(x) = x**3 + 5*x**2 + 2*x - 3. Let m be v(-5). Let i(d) = -6*d**2 - 3*d - 2. Let c be i(-2). Let b = m - c. What is the remainder when 20 is divided by b?
6
Suppose -3*o = 5*l + o + 27, 3*o = l - 6. Let u = l - -8. Suppose -45 = -u*f + 15. What is the remainder when 23 is divided by f?
11
Let p(z) = 6*z + 3. Let w be p(-2). What is the remainder when (w + 11)/((-1)/(-13)) is divided by 7?
5
Let t = 22 + -15. Let z be (-10)/(-15) - 446/(-6). Suppose 2 = -3*w - 4, z = 5*r - 5*w. Calculate the remainder when r is divided by t.
6
Let b(h) = 3*h + 7. What is the remainder when b(6) is divided by 13?
12
Let j = -47 - -148. Calculate the remainder when j is divided by 17.
16
Let o = 8 - 5. Suppose o*q + q - 216 = 0. Let t = -11 + 25. Calculate the remainder when q is divided by t.
12
Suppose -4*w - 6 = 5*k - 37, -5*w + 4*k = -49. What is the remainder when 14 is divided by w?
5
Let p be 2 + 16/(-1 + -1). Let a be p + 8 - (-18 - -1). Let y = -7 + a. Calculate the remainder when y is divided by 7.
5
Let z(d) = -3*d + 4. What is the remainder when z(-6) is divided by 13?
9
Let f(r) = -46*r**2 - 2*r - 1. Let t be f(-1). Let h = -25 - t. Calculate the remainder when h is divided by 11.
9
Let z(a) = 5*a**2. Suppose -4*q = -9 + 1. What is the remainder when z(q) is divided by 11?
9
Let t(y) = -7*y + 2. What is the remainder when 14 is divided by t(-1)?
5
Let y(g) = -43*g - 3. Let h(m) = 27*m + 13*m + 4 + 2*m. Let v(n) = -2*h(n) - 3*y(n). Calculate the remainder when v(1) is divided by 16.
14
Let y = -138 + -12. What is the remainder when 51 is divided by 3/6 - y/12?
12
Suppose p + 216 = 13*p. What is the remainder when p is divided by 4?
2
Calculate the remainder when 134 is divided by -68*(6/3 + (-15)/6).
32
Let h = -193 - -227. What is the remainder when h is divided by 1*(0 - (-7)/1)?
6
Let d = -129 - -149. Calculate the remainder when d is divided by 9.
2
Let n(z) = -4*z - 3. Let d be n(-4). Let x = 20 - d. Calculate the remainder when 12 is divided by x.
5
Let f(c) = -c**3 - 6*c**2 - 5*c + 3. Let n be f(-5). Let l = n + 0. Calculate the remainder when 3 is divided by l + (0 - 3/3).
1
Suppose 4*a = 4 + 4. Suppose -24 = -2*g + 3*b, -g - a*g + 17 = 5*b. What is the remainder when g is divided by 5?
4
Suppose -3*w = -7 - 2, x - 3*w = -14. Let l = -7 - x. Calculate the remainder when 33 is divided by l/(-8)*(64 + 4).
16
Calculate the remainder when 112 is divided by (-1)/4 - (101/(-4) - -2).
20
Let j = 32 + 2. Calculate the remainder when j is divided by 19.
15
Suppose -4 = -w - q, 0 = -2*w - 0*w - 4*q - 2. What is the remainder when 17 is divided by w?
8
Let h(d) = d**2 - 10*d + 25. What is the remainder when h(9) is divided by 9?
7
Let w = 10 + -19. Calculate the remainder when 7 is divided by (13 + w)*(-3)/(-4).
1
Let v = -26 - -13. Let c(o) = o**3 + 13*o**2 - 4*o - 12. What is the remainder when c(v) is divided by 11?
7
Let l(t) = -t**3 - 5*t**2 + 4*t + 1. Calculate the remainder when l(-6) is divided by 240/50 - (-2)/10.
3
What is the remainder when 26 is divided by 10 + 1 + 2/4*-2?
6
Suppose -87 = -5*k + 3*v, -5*v - 2 - 3 = k. Let d(f) = -f**2 + 3*f + 26. What is the remainder when k is divided by d(6)?
7
Let n = -5 - -7. Let g be n/8 - 95/(-20). Suppose -3*x = -2*p + 6*p - 49, -3*x = g*p - 62. Calculate the remainder when p is divided by 7.
6
Suppose -4*x = -34 - 6. Suppose 3*h - 5*r + 19 = 2*h, 43 = 3*h + 5*r. Calculate the remainder when x is divided by h.
4
Calculate the remainder when 123 + 4 + -2 + -2 is divided by 31.
30
Let y(t) = 38*t**2 + 4*t - 13. What is the remainder when y(2) is divided by 50?
47
Let k = 33 + -27. What is the remainder when k is divided by 4?
2
What is the remainder when 1/(-3) - 228/(-9) is divided by (15/10)/(2/(2 - -10))?
7
Suppose 9*h - 24 = 5*h. What is the remainder when 20 is divided by h?
2
Suppose -2*b = 5*z - 192, 0 = 4*b - 2*b - 2. Calculate the remainder 